 1589. Let c(k) = 3*k**2 - 5*k + 3*k - 4 + 3*k**2 - k**3. Determine c(s).
11
Let v = 13544 - 13530. Let y(u) = 9*u - 120. Determine y(v).
6
Let u(c) = c**2 + 6*c - 1. Let x(b) = -3*b**2 - 16*b - 4. Let n be x(-5). Let z be 0 + ((-35)/(-28))/(n/(-4)). Give u(z).
-6
Let z(t) = t**3 - 4*t**2 - 2*t - 5. Let f = -107 - -112. Let u be z(f). Let i(w) = w**3 - 9*w**2 - 13*w + 15. Calculate i(u).
-15
Let q(c) be the second derivative of 1/3*c**3 + 0 + c**2 + 55*c. Give q(-4).
-6
Let q(k) = -k**3 - k**2 + 5*k + 4. Let m(c) be the second derivative of c**4/12 + c**3/6 + c**2/2 + 4*c. Let j(a) = 3*m(a) - q(a). Calculate j(-4).
7
Let g(t) be the third derivative of -t**5/60 - 5*t**4/24 + t**3/6 - 9*t**2. Suppose -5 = 5*w - 2*o + 19, 0 = -3*o - 9. What is g(w)?
-5
Let k(o) = 30 - 8*o - 122 + 30 + 8*o**2 - o**3 + 30 + 33. Give k(8).
-63
Let x = 8 + -6. Suppose r - 5*d - 96 = 0, 13 = 5*d + 48. Let w(t) = -t**x - 27*t + r*t - 3 - 35*t. Calculate w(-3).
-9
Suppose 3*z + 3*x = 18, -2*z + 8*x - 4*x = 0. Suppose 0 = 5*g + 10 - 20. Let a(j) = -j**3 - 99*j**2 + 104*j**2 + j - 2*j - g*j. Give a(z).
4
Suppose 14 = -5*b - 1. Let j(x) be the first derivative of 2*x**3/3 - x - 18. Let r(k) = -2*k**2 - k + 3. Let d(m) = 2*j(m) + r(m). Calculate d(b).
22
Let g be (-27)/(-12)*1*4. Let p(t) = -12*t**3 + 31*t**2 + 4*t + 8. Let r(j) = -55*j**3 + 141*j**2 + 17*j + 33. Let m(l) = -23*p(l) + 5*r(l). Determine m(g).
-1
Let s be 60/(-210) - (-9)/7. Let l(m) = 35*m**3 - 2*m + 1. Give l(s).
34
Let n(g) = -g**2 - 33 + 3*g**2 + 4*g**2 + 1821*g - 1745*g + 0*g**2. Determine n(-13).
-7
Let q be -1*(-1)/(-1) - -11. Suppose -274*s + 270*s + 3*d + 52 = 0, 68 = 3*s + 5*d. Let b = s - q. Let x(t) = -t**3 + 5*t**2 + 8*t - 8. Determine x(b).
4
Let o(z) = z**3 + 4*z**2 - 4*z - 1. Let w(t) = -2*t + 28*t**3 + 1 + 20*t**3 + 22*t**3 + t**3. Let q be w(1). Suppose 4*r - 50 = -q. What is o(r)?
-6
Let h(l) = -6*l + 93. Let y be h(13). Let g(i) = y*i - 10 - 16*i - i**2 + 12. What is g(-2)?
0
Let v be 1/(8 + -20 - -16). Let x(b) be the first derivative of 1/2*b**2 + 7*b + v*b**4 + 14 + 8/3*b**3. Give x(-8).
-1
Let v be (-3 - -3)/(-1 + 2). Let j(l) = v*l**3 - l**3 - 4*l**2 + 1 + 6*l + 4. Let z = -434971 - -434966. Calculate j(z).
0
Let t(v) be the first derivative of v + 5*v**2 + 1 - 1/3*v**3. Let m be t(10). Let w(a) = -10*a**2 - a. What is w(m)?
-11
Let r(i) = -5*i**3 - 34*i**2 + 31*i**2 + 2*i**3 + 2*i**3. Let d be -7 + (-3)/(1 - 2). Calculate r(d).
16
Suppose 20*v - 401 - 39 = 0. Let q(u) = -u**2 + 17*u + 112. What is q(v)?
2
Let t(o) = 86 + 70 + 3*o**2 + 91 + 10*o - 336 + 93. What is t(3)?
61
Let b(g) = g + 1. Suppose 0 = 3*j + 4*p + 139 - 6, 4*j = 3*p - 144. Let f be (1 - 0)/((-2)/(-72)). Let q = f + j. Give b(q).
-2
Let r(p) = -2*p**2 - 21*p - 10. Suppose -2*a + 3*z + 2 - 10 = 0, 2*z + 18 = -a. Let s be r(a). Let d(i) = -3*i + 9 + 2*i + 2*i. What is d(s)?
9
Suppose -23 - 49 = -2*x. Suppose 0 = -31*f + x*f - 35. Let k(b) = b**2 - b + 1. Let q(u) = 2*u**2 - 8*u - 2. Let r(m) = -k(m) + q(m). Give r(f).
-3
Let a(s) = s + 1. Let h(b) = -24. Let m(k) = 5. Let o(p) = h(p) + 5*m(p). Let l(z) = 6*a(z) - 7*o(z). Determine l(-3).
-19
Let d(u) = -2*u. Let g = 79 - -68. Suppose 45*l - 24*l + g = 0. Calculate d(l).
14
Let p(t) = -2*t + 7. Let y(c) = -c**3 - 5*c**2 + 2*c - 1. Let b be (-8)/(-1 + 0 - -3). Let x be y(b). Let v = 31 + x. Determine p(v).
-5
Suppose 4*u - 4*k - 16 - 24 = 0, 4*k = -5*u - 4. Let v(h) = h**2 - 10*h + 7. What is v(u)?
-17
Let w(l) = -5*l - 3. Let t(j) = -14*j - 9. Let b(f) = -6*t(f) + 17*w(f). Let z = 23 - 30. Let u be z + (0 - -7) - -4. What is b(u)?
-1
Let m = -432 - -445. Suppose 5*a + 4*u + 26 = 0, 2*a - 4*u - m + 1 = 0. Let n(c) = 5*c - 1. Calculate n(a).
-11
Let t(q) = -q - 2. Let b be t(-2). Let w(m) = -m + 6 + b - 3 - 1. Suppose -45*p + 193 = -167. What is w(p)?
-6
Let w(r) = 59*r**2 - 1832*r + 87. Let n be w(31). Let i(h) = -2*h - 16. Let b(m) = -2*m - 17. Let j(o) = -6*b(o) + 7*i(o). Calculate j(n).
2
Suppose -9*t = j - 10*t - 11, -5*t = 5*j + 15. Let h(k) = -13*k + 39. Calculate h(j).
-13
Let i(k) = 2*k**2 + 20. Let h be i(-6). Let s(t) = -2*t + 104 + 88 + h - 296. Determine s(-12).
12
Let o(v) = -v**3 - 5*v**2 - 18*v - 91. Suppose 4079*g - 110 = 4101*g. Determine o(g).
-1
Let d(v) = -191*v + 195. Let m be d(1). Suppose 2*o = -2*o. Let j(b) = -b + o - 1 + 2. Calculate j(m).
-3
Let k(p) = 5*p + 0*p - 1 + 3 - 2*p**2 - 4*p. Let b be 3 - (210/50 - (-16)/20). Determine k(b).
-8
Let w(f) = -31*f + 3. Suppose 216*j = 189*j - 54. Give w(j).
65
Let r be (-328)/6 - -12 - 2/(-3). Let j(l) = -l - 40. What is j(r)?
2
Let q(d) = d**3 - 1. Suppose 12 = t + 2*t. Let j = 10 - t. Let s(v) = -7*v**3 + v + 14. Let z(k) = j*q(k) + s(k). Give z(0).
8
Let r(q) = 4*q - 16. Let g(o) = 7*o - 31. Let m(u) = -3*g(u) + 5*r(u). Suppose -2*x = 10 + 6. Let s be (-1*(2 + -2))/(6 + x). What is m(s)?
13
Let b(w) be the third derivative of w**4/12 - 16*w**3/3 - 3*w**2 + 52. Let x(g) = -4*g + 13. Let z be x(0). Give b(z).
-6
Let i(f) = 4*f**2 + 4*f**2 - 1 - 3*f**2 - 4*f**2 + 10*f - f**3 - 9*f. Let z(l) = 2*l**3 - 10*l**2 + 3*l - 5. Let g(v) = 3*i(v) + z(v). Calculate g(-8).
8
Suppose -12 = -3*q - 3*b, 0 = 25*q - 20*q - 2*b + 29. Let k(a) = 19*a + 63. What is k(q)?
6
Let f(y) = -y**2 + 15*y - 7. Let b(t) = -2*t**2 + 31*t - 14. Let m(l) = -3*b(l) + 5*f(l). Determine m(18).
7
Let y(p) = -p**2 - 2*p + 4. Let v be 30/25*10/2. Let f(x) = 3*x**2 - 22*x + 20. Let k be f(v). Give y(k).
-4
Let l(h) be the first derivative of 2*h**2 + 5*h + 1638. Calculate l(3).
17
Let l(v) = v + 7. Let f be ((-64)/(-36) - 2) + 94/18. Suppose 4*i - 2*i + 4*r = -28, f*r = -5. Let g be (-2 - 55/(-10))*i/(-7). Determine l(g).
13
Let b(m) = 16*m - 51. Let v be (1/(-2))/(9/21 + (-800)/1344). Give b(v).
-3
Suppose -4*q + 12 = 5*u, 0 = -5*q + 48*u - 47*u + 15. Let h(z) be the third derivative of z**4/8 - z**3/3 + 2*z**2. Give h(q).
7
Let r(y) = -y**3 - 3*y**2 + 4*y - 3. Let m(x) = x - 1. Let o(n) = -3*m(n) + r(n). Suppose -96*h = -5*h + 364. Give o(h).
12
Let f(r) = -5*r**2 - 2*r + 1. Suppose -4*i + 10 + 20 = 2*k, i = k - 24. Suppose k = -3*p + 57. Let a be (p/9 + -2)*3/(-2). Give f(a).
-6
Let s(n) be the second derivative of n**3/3 - 3*n**2 - 2*n. Let g be (10 + -5)*2/(-24)*-12. Give s(g).
4
Let d = -1 + 0. Let q(x) be the first derivative of -9/2*x**2 - 29 - x. Calculate q(d).
8
Let l(u) be the third derivative of -u**5/60 + 2*u**3/3 + 3*u**2 - 3. Let m(k) = -2*k**2 - 9*k - 16. Let z(d) = -3*l(d) + m(d). Give z(11).
-6
Let a be ((-6)/7)/((-74)/518). Let l(o) = -70*o - a*o**2 + 3*o**2 + 3 + 73*o - 4. Let y be 7/4 + (-1)/(-4). Give l(y).
-7
Let u(x) = -650*x**2 + 1299*x. Let q be u(2). Let t(d) = -10*d**2 - d + 9. Let j(i) = -5*i**2 - i + 5. Let m(k) = -5*j(k) + 3*t(k). Give m(q).
-22
Let c be (6/16)/(1/(-8)). Let z(p) = -2 + 4*p**2 - 2*p + 6*p + p**3 + 3. Give z(c).
-2
Let t(k) = 8*k + 145. Let z = -26285 - -26266. What is t(z)?
-7
Let p be 13/(-65) - ((-298)/(-10) + 2). Let r = p - -38. Let l(f) = 0*f - f + r*f - f**2 - 5. What is l(5)?
-5
Let k be 60/(-30) + (5 - 3). Let c(z) = -z**3 - z + 27. Give c(k).
27
Suppose 13*l = -4*l + 391. Let a(x) = -13*x + 17 - 23*x - l*x + 60*x. What is a(-11)?
6
Let j be (-6941)/(-1262) - (-13)/(-2). Let p(k) = 86*k**2 + k + 1. Calculate p(j).
86
Let z(q) = -11*q + 6*q + 4*q. Suppose -17*w - 786 = 114*w. Give z(w).
6
Let g(x) = 2*x**2 - 2. Let v(h) = -9*h**2 + 3*h. Let c(s) = -4*g(s) - v(s). Let y(j) = j**2 - j + 8. Let b(d) = 3*c(d) - 2*y(d). Determine b(5).
-2
Let a be (-3 - (-8)/3)/(27/(-567)). Let b(h) = -h**3 + 5*h**2 + 6*h. Give b(a).
-56
Let i(u) be the first derivative of u**3 - 3*u**2/2 + 47*u - 83. Let r(h) be the first derivative of i(h). What is r(1)?
3
Suppose 5*x - 1018 = b, -4*x = 4*b - 1183 + 359. Suppose -206*m + x*m - 12 = 0. Let p(w) = -w**2 - 6*w - 1. Give p(m).
-1
Suppose -18*h + 1688 = 428. Let b(w) = -8*w + 1 - w + 134*w**2 + 0*w - h*w**2 - 65*w**2. What is b(-9)?
1
Let c(b) = 637*b**2 + 23*b**3 + 57*b - 633*b**2 - 24 + 22*b**3 - 46*b**3. Calculate c(-6).
-6
Let d(t) be the second derivative of -1/3*t**3 - 1/30*t**5 + 0 + 25*t - 1/120*t**6 + 3*t**2 + 0*t**4. Let h(m) be the first derivative of d(m). What is h(-2)?
-2
Let j(n) = n**3 - 64*n**2 + 176*n + 430. Let m be j(61). Let g(b) = 2*b 